= 273 + -252. What is the remainder when u is divided by v?
18
Let v = -26751 - -31111. Calculate the remainder when v is divided by 3.
1
Let g(m) = m + 49. Suppose -13 = n + 2*l, -10*l + 14*l = 3*n + 79. Calculate the remainder when g(n) is divided by 8.
4
Let a be ((-2)/(-4))/(6/120). Suppose 0 = 5*y - 25, -2*i + 11*y - 9 = a*y. Calculate the remainder when (i/4)/((-5)/290) is divided by 18.
11
Let d = -2945 + 3121. Calculate the remainder when d is divided by 175.
1
Let w(o) = 71*o - 1410. Calculate the remainder when 208 is divided by w(20).
8
Suppose 0 = -l + 6*l - 4*m - 355, 0 = 5*l + 4*m - 355. What is the remainder when (-5 - -11) + l + (-2 - -1) is divided by 25?
1
Calculate the remainder when 130 is divided by 12 + -6 + 13 + -5 + -2.
10
Let h = -4693 + 4734. What is the remainder when 696 is divided by h?
40
Suppose 1421 + 163 = 88*i. Calculate the remainder when 500 is divided by i.
14
Let r = 2772 - 2166. Calculate the remainder when r is divided by 53.
23
Suppose 17*p - 16*p = 4*x - 15, -2*x - 2*p + 10 = 0. Suppose n - 5*j = 144, x*n - 734 = -j - 137. Calculate the remainder when n is divided by 17.
13
What is the remainder when ((-216)/10)/(((-816)/(-2700))/(-34)) is divided by 76?
74
Suppose -2*y + 17*y - 709 = 116. What is the remainder when 1977 is divided by y?
52
Let l(o) = o**2 - 13*o - 137. Let m be l(-14). Let v = m + -160. What is the remainder when v is divided by 11?
4
Let k be (4 - 60/9)*30/8. What is the remainder when 91 is divided by (-1)/(((-5)/k)/((-46)/4))?
22
Suppose -3*k + 24 + 30 = 0. Suppose -50*w + 43 = -207. Suppose -3*s - 27*f + 26 = -22*f, -w*s + 2*f = -33. What is the remainder when k is divided by s?
4
Let a(f) = 2*f**3 - 3*f**2 - 4*f - 3. Let o be a(-3). Let z = 86 + o. Calculate the remainder when 65 is divided by z.
9
Let m(g) = 3*g**2 - 18*g + 3. Let y be m(6). Let r(w) = 9*w**2 - 2*w - 13 - w**y + 9*w**2 - 20*w**2 + 12*w**2. What is the remainder when r(9) is divided by 26?
24
Let q = -21 + 49. Suppose -5*k + 105 = -5*t, 4*k - 5*t - 61 - q = 0. Calculate the remainder when 29 is divided by k.
13
Suppose -4*q - 3*v = -262, -16*v + 21*v + 54 = q. Calculate the remainder when q is divided by 37.
27
Suppose 5*g = j - 660 + 539, -3*j + 401 = 4*g. What is the remainder when 3161 is divided by j?
17
Let l = 78 + -30. Let j(w) = 2*w**2 - 58*w - 32. Let q be j(30). Suppose q = -4*t + 68. What is the remainder when l is divided by t?
8
Suppose 5*q + 28 - 53 = 0. Let c(d) = d**2 + 4*d + 8. Calculate the remainder when c(q) is divided by 19.
15
Let w = -12315 - -12430. Calculate the remainder when 570 is divided by w.
110
Suppose 3*w = -4*r + 15, 20 = 2*r + w + 3*w. Suppose -f + 3 + 176 = r. What is the remainder when f is divided by 46?
41
Let g = 116 - 114. Suppose 2*n = g*y + 4, y = -0*n + 2*n - 7. What is the remainder when 27 is divided by n?
2
Let v = -1872 - -2132. Calculate the remainder when v is divided by 572/(-39)*(-9)/2.
62
Let d(m) = -m**2 - 238*m + 3827. What is the remainder when 0 + (-319)/(-2 - -1) is divided by d(15)?
31
Suppose -2*f + 390 = -40*c + 43*c, 2*c - 392 = -2*f. What is the remainder when f is divided by 64?
6
Let w(f) = -19*f + 4. Let v be w(0). Suppose v*p + 8*z - 3*z - 1747 = 0, -3*p + z = -1296. Calculate the remainder when p is divided by 87.
85
Suppose 4 = -4*o, -3*l + 4*l - 8 = 5*o. Let p be -45*(l + (-105)/25). Suppose s - p = -s. What is the remainder when 106 is divided by s?
25
Let t = -294 - -171. Let o = t + 24. Let l = 110 + o. Calculate the remainder when l is divided by 3.
2
Let r = -13071 + 15380. Calculate the remainder when r is divided by 105.
104
Let w = 93 - -162. Suppose -5*r = -535 - w. Suppose -5*s - 5*k + 137 + 113 = 0, 12 = -4*k. What is the remainder when r is divided by s?
52
Let b(w) = 3*w**2 + 4*w**2 - 8*w**2 + 3*w + 1. Let p be b(3). Calculate the remainder when 20 is divided by (p/(-2))/(((-77)/(-42))/(-11)).
2
Suppose 78*l - 432 = 54*l. Suppose -5 - 1 = -3*m. Let p = m + l. What is the remainder when 58 is divided by p?
18
What is the remainder when 16/(-36)*(-39 - -36)*(0 + 54) is divided by 71?
1
Let h = 132 + -111. Suppose 0 = -4*m - 3*w + h, -4*w + 15 = m - 0*w. Suppose 5*c + m = 573. What is the remainder when c is divided by 39?
36
Suppose 25*d = 20*d + 5. Let p = 79 + d. Calculate the remainder when p is divided by 7.
3
Suppose 0 = -6*y - 5*y + 495. Let r(o) = -20*o + 28. Calculate the remainder when r(-3) is divided by y.
43
Suppose 0 = -5*w + z + 1508, -996 = -3*w + 5*z - 100. Calculate the remainder when w is divided by 19.
17
Let m(u) = 9*u**3 - 2*u**2 + 3. Let n be m(-3). Let x = -498 - n. What is the remainder when ((-7)/(-4))/((-12)/x) is divided by 12?
11
Let m = 41 - 23. Suppose -11*w = -12*w + 408. What is the remainder when 87 is divided by (-2)/3 + w/m?
21
Let c = 252 + -1006. Let l = c - -771. Suppose -150 = -4*n + n. What is the remainder when n is divided by l?
16
Let g(v) = 328*v + 3708. What is the remainder when 1788 is divided by g(-11)?
88
Let u be (-5 - 21/6)*-2. Suppose l = 5*b + 30, -5*l - u = -5*b - 87. What is the remainder when 66 is divided by l?
6
Let j = -3332 + 3401. Calculate the remainder when 338 is divided by j.
62
Suppose 3*s = -28*s - 4*s + 36190. Calculate the remainder when s is divided by 85.
14
Suppose -798 + 44 = -26*n. Let m = 50 + -35. Calculate the remainder when n is divided by m.
14
Suppose -648*q - 94 = -4*t - 649*q, 3*t - q - 74 = 0. Calculate the remainder when 261 is divided by t.
21
Let y = -26 + 46. Suppose 48 + 360 = 4*q. Let f = 159 - q. What is the remainder when f is divided by y?
17
Let d(f) = f**3 - 11*f**2 + 28*f - 5. Let q = 133 + -65. Calculate the remainder when q is divided by d(8).
14
Let x(b) = -13*b - 7 - 20*b + 1 + 32*b. What is the remainder when 163/3 + 2/(-6) is divided by x(-20)?
12
What is the remainder when 52 is divided by 15*(-6)/15 + (5 - -8)?
3
Let g(n) = n - 1. Let u be g(6). Let k(p) = -15*p + 27. Let l(m) = -8*m + 14. Let v(h) = u*l(h) - 3*k(h). Calculate the remainder when v(7) is divided by 15.
9
Let t(h) = -h**3 + 7*h**2 - 5*h. Let a = 587 - 514. What is the remainder when a is divided by t(5)?
23
Let s(l) = l**2 - 15*l + 12. Let n be s(16). Suppose -n*f - 77 = -29*f. Calculate the remainder when f is divided by 40.
37
Suppose 27*o - 31*o + 12 = 0. Suppose 4*a = -3*j + o*a + 386, -j + 3*a = -112. What is the remainder when j is divided by 13?
10
Suppose -3*p + 281 = -1918 + 543. What is the remainder when 555 is divided by p?
3
Suppose -20 = -9*n + 133. Let o(k) = -k**3 + 24*k**2 - 86*k - 23. Calculate the remainder when o(n) is divided by 27.
25
Suppose 1395*t = 1334*t + 12200. What is the remainder when 417 is divided by t?
17
Suppose -5*a = -95 - 20. Suppose 133 = 5*b + a. Let q(c) = -c**2 + 21*c + 50. Calculate the remainder when 165 is divided by q(b).
25
Suppose -5*c - b = -76, -7*c + 4*c + 3*b = -24. What is the remainder when 698 is divided by c?
12
Let l = -5326 + 5328. Calculate the remainder when 859 is divided by l.
1
Let s(q) = q**2 + 11*q + 1. Let h(i) = -6*i**2 - 57*i - 5. Let k(b) = -2*h(b) - 11*s(b). What is the remainder when 40 is divided by k(8)?
5
Let z = 230 + -111. Let w = -136072 - -136124. What is the remainder when z is divided by w?
15
Let b(d) = -1291*d - 350. What is the remainder when b(-1) is divided by 313?
2
Suppose 2*q = 261*g - 256*g + 1858, -q + g + 935 = 0. What is the remainder when 2833 is divided by q?
16
Suppose -2*g - 14 + 12 = 0, 5*i + 3*g = 177. Let d be (-49 - 1)*(-3)/6. Let s = d + -12. Calculate the remainder when i is divided by s.
10
Suppose -153*q = -4*t - 154*q + 392, -294 = -3*t - 4*q. What is the remainder when 2932 is divided by t?
90
Let s(z) = z**2 - 24*z + 2. Let h be s(24). Suppose 3*l + h*d = 39, 10*l + 48 = 13*l - d. Let n = -8 - -30. Calculate the remainder when n is divided by l.
7
Suppose -v + 27*m - 22*m = -39, -2*v + 69 = -m. What is the remainder when 493 is divided by v?
17
Let n = 119 + -119. Suppose n = u + 4*v - 24, 6*u - 7*u - 2*v = -26. Suppose 4*o - 56 = 152. Calculate the remainder when o is divided by u.
24
Suppose -4*a = 5*i + 21 - 2, i + 3*a = -6. Calculate the remainder when 217/(-21)*i/1 is divided by 11.
9
Suppose 7*t = 10*t - 6. Let d be (t/(-4))/((-3)/(0 - -174)). Suppose 